 439?
15
Calculate the remainder when 10516521 is divided by 1502357.
22
Calculate the remainder when 571446 is divided by 30.
6
What is the remainder when 7348245 is divided by 15?
0
What is the remainder when 299424 is divided by 373?
278
Calculate the remainder when 23238 is divided by 11534.
170
What is the remainder when 374945 is divided by 6375?
5195
What is the remainder when 2935137 is divided by 1846?
1843
Calculate the remainder when 54492875 is divided by 135.
125
What is the remainder when 96564 is divided by 6404?
504
What is the remainder when 29337 is divided by 1504?
761
Calculate the remainder when 2094962 is divided by 4101.
3452
What is the remainder when 43880 is divided by 1920?
1640
Calculate the remainder when 1596907 is divided by 1711.
544
What is the remainder when 14834666 is divided by 8511?
8504
What is the remainder when 2310916 is divided by 2310892?
24
What is the remainder when 102123 is divided by 12758?
59
Calculate the remainder when 2133776 is divided by 2782.
2764
What is the remainder when 1453798 is divided by 66074?
170
Calculate the remainder when 169561269 is divided by 513822.
9
Calculate the remainder when 9556859 is divided by 136.
3
Calculate the remainder when 24749 is divided by 25.
24
Calculate the remainder when 6666814 is divided by 416.
414
Calculate the remainder when 105629 is divided by 52704.
221
Calculate the remainder when 983361 is divided by 3273.
1461
What is the remainder when 3363861 is divided by 124587?
12
What is the remainder when 34394157 is divided by 278?
275
Calculate the remainder when 867 is divided by 375.
117
Calculate the remainder when 177414265 is divided by 6336223.
21
Calculate the remainder when 17459788 is divided by 278.
276
What is the remainder when 2067142 is divided by 29?
22
Calculate the remainder when 4929597 is divided by 1389.
36
Calculate the remainder when 6184792 is divided by 66.
64
Calculate the remainder when 1163623 is divided by 27705.
13
What is the remainder when 4891813 is divided by 1462?
1423
What is the remainder when 2904593 is divided by 34576?
209
What is the remainder when 434056 is divided by 1316?
1092
What is the remainder when 13458 is divided by 6000?
1458
What is the remainder when 2598516 is divided by 649579?
200
What is the remainder when 152838 is divided by 36135?
8298
What is the remainder when 834357 is divided by 6418?
17
Calculate the remainder when 111699 is divided by 22337.
14
Calculate the remainder when 8042288 is divided by 317.
315
What is the remainder when 131893 is divided by 2551?
1792
Calculate the remainder when 130706 is divided by 43209.
1079
What is the remainder when 3212680 is divided by 1070837?
169
Calculate the remainder when 19983410 is divided by 46.
44
What is the remainder when 198230 is divided by 931?
858
Calculate the remainder when 293517 is divided by 146736.
45
Calculate the remainder when 103401755 is divided by 7.
2
What is the remainder when 4306464 is divided by 430640?
64
What is the remainder when 2844866 is divided by 2746?
10
What is the remainder when 295837 is divided by 98590?
67
What is the remainder when 6146087 is divided by 23019?
14
Calculate the remainder when 33389 is divided by 16208.
973
Calculate the remainder when 212815 is divided by 212806.
9
What is the remainder when 10588 is divided by 3273?
769
What is the remainder when 3110148 is divided by 1553?
1042
Calculate the remainder when 28232895 is divided by 2336.
2335
What is the remainder when 58549100 is divided by 39?
38
Calculate the remainder when 5355535 is divided by 1427.
4
Calculate the remainder when 17987358 is divided by 2997891.
12
Calculate the remainder when 95072467 is divided by 914.
15
Calculate the remainder when 262479956 is divided by 1209585.
11
Calculate the remainder when 179931399 is divided by 63.
60
What is the remainder when 12314893 is divided by 209?
195
Calculate the remainder when 837572 is divided by 2478.
8
Calculate the remainder when 1037917 is divided by 6247.
915
What is the remainder when 26798422 is divided by 47769?
13
Calculate the remainder when 1239232 is divided by 88389.
1786
Calculate the remainder when 38571 is divided by 2530.
621
What is the remainder when 11257998 is divided by 41?
13
Calculate the remainder when 5203693 is divided by 380.
353
Calculate the remainder when 57808837 is divided by 602175.
37
What is the remainder when 624475 is divided by 132?
115
Calculate the remainder when 167080 is divided by 1899.
1867
What is the remainder when 288633 is divided by 144234?
165
What is the remainder when 12813865 is divided by 377?
12
What is the remainder when 2747005 is divided by 211?
207
What is the remainder when 1738103 is divided by 165?
158
Calculate the remainder when 26131995 is divided by 3266493.
51
What is the remainder when 937138 is divided by 1916?
214
Calculate the remainder when 20666807 is divided by 1022.
945
Calculate the remainder when 39023 is divided by 3218.
407
What is the remainder when 19911976 is divided by 879?
868
Calculate the remainder when 170843 is divided by 490.
323
Calculate the remainder when 201696 is divided by 13445.
21
Calculate the remainder when 929900021 is divided by 29.
28
What is the remainder when 980353 is divided by 215?
168
Calculate the remainder when 117750 is divided by 10266.
4824
What is the remainder when 17427595 is divided by 18481?
12
Calculate the remainder when 190343 is divided by 3659.
75
Calculate the remainder when 542598 is divided by 6781.
118
What is the remainder when 3827756 is divided by 1913838?
80
What is the remainder when 907279 is divided by 12961?
9
Calculate the remainder when 1331537 is divided by 166439.
25
Calculate the remainder when 23674948 is divided by 285.
283
What is the remainder when 53256 is divided by 3204?
1992
Calculate the remainder when 75451 is divided by 25092.
175
What is the remainder when 76527 is divided by 4380?
2067
What is the remainder when 898781 is divided by 149737?
359
Calculate the remainder when 55273 is divided by 27595.
83
What is the remainder when 3277436 is divided by 140?
36
What is the remainder when 231217 is divided by 77040?
97
What is the remainder when 111060 is divided by 22153?
295
What is the remainder when 93869 is divided by 213?
149
Calculate the remainder when 9028451 is divided by 15.
11
What is the remainder when 24851117 is divided by 1461827?
58
Calculate the remainder when 214922485 is divided by 107461237.
11
What is the remainder when 75615088 is divided by 812?
24
Calculate the remainder when 1948651 is divided by 1948650.
1
What is the remainder when 2264130 is divided by 2689?
2681
What is the remainder when 176044355 is divided by 1381?
1380
Calculate the remainder when 169650391 is divided by 6278.
6275
What is the remainder when 138371 is divided by 63?
23
Calculate the remainder when 2369456 is divided by 789773.
137
What is the remainder when 34794574 is divided by 674?
672
What is the remainder when 700609 is divided by 5?
4
What is the remainder when 353578 is divided by 1426?
1356
What is the remainder when 977004 is divided by 1751?
1697
What is the remainder when 2687510 is divided by 14295?
50
Calculate the remainder when 12458813 is divided by 2276.
2265
What is the remainder when 295642 is divided by 42195?
277
What is the remainder when 55027 is divided by 27485?
57
Calculate the remainder when 1913294 is divided by 637736.
86
What is the remainder when 232142 is divided by 3413?
58
Calculate the remainder when 2403885 is divided by 2403837.
48
Calculate the remainder when 609155 is divided by 314.
309
What is the remainder when 803313 is divided by 107?
64
Calculate the remainder when 16200307 is divided by 57.
52
Calculate the remainder when 236038 is divided by 115786.
4466
Calculate the remainder when 55790 is divided by 25587.
4616
Calculate the remainder when 101480 is divided by 11263.
113
Calculate the remainder when 2299442 is divided by 228.
62
What is the remainder when 136096 is divided by 807?
520
Calculate the remainder when 5600860 is divided by 509168.
12
What is the remainder when 3496185 is divided by 18696?
33
Calculate the remainder when 72884 is divided by 4855.
59
What is the rema